{"id":4342,"date":"2024-10-14T10:34:48","date_gmt":"2024-10-14T07:34:48","guid":{"rendered":"https:\/\/www.leventuysal.com\/services\/mhp-mersin-milletvekili-dr-levent-uysaldan-19-mayis-kutlama-mesaji\/"},"modified":"2024-10-18T14:37:35","modified_gmt":"2024-10-18T11:37:35","slug":"mhp-mersin-mp-dr-levent-uysals-19-mayis-celebration-message","status":"publish","type":"cpt_services","link":"https:\/\/www.leventuysal.com\/en\/services\/mhp-mersin-mp-dr-levent-uysals-19-mayis-celebration-message\/","title":{"rendered":"MHP Mersin MP Dr. Levent Uysal\u2019s 19 May\u0131s Celebration Message"},"content":{"rendered":"<p>Nationalist Movement Party Mersin MP, Dr. Levent Uysal, issued a written statement in celebration of the 19 May Commemoration of Atat\u00fcrk, Youth, and Sports Day.<\/p>\n<p>In his statement, MP Uysal shared the following:<\/p>\n<p>\u201cOn 19 May 1919, with the thought of \u2018Independence or Death,\u2019 a sacred struggle for the peace and tranquility of our country began in Samsun and ended in victory. After this holy process, which is considered the beginning of the War of Independence, the Republic of T\u00fcrkiye was founded. Moreover, 19 May 1919 is the day that Mustafa Kemal Atat\u00fcrk, who identified himself with the Republic of T\u00fcrkiye, referred to as \u2018the day I was born.\u2019 Gazi Mustafa Kemal Atat\u00fcrk, with his comrades-in-arms, established our Republic through the faith and patriotism of our noble nation and entrusted it to our youth, emphasizing that it would live on forever. Atat\u00fcrk expressed his trust in the youth with his words, \u2018A clean generation is being raised from the heart of the nation. I will leave this legacy, the Republic of T\u00fcrkiye, to them and will have no regrets.\u2019 In the Turkish and T\u00fcrkiye century we are currently in, we prioritize the ideas of our youth and strive to guide them in choosing the right path in shaping their lives. In the second century of our Republic, we will continue to listen to our youth, who are the guarantee of our bright future, and work with them on joint projects. 19 May symbolizes youth, and youth represents the future. The Turkish youth is the unwavering guardian of Turkish independence and the Republic of T\u00fcrkiye, the assurance of today and tomorrow. I congratulate the Turkish youth, who are entrusted with the duty of protecting Turkish independence and the Turkish Republic in the light of national values, on the occasion of 19 May Commemoration of Atat\u00fcrk, Youth, and Sports Day.\u201d<\/p>\n","protected":false},"excerpt":{"rendered":"<p>Nationalist Movement Party Mersin MP, Dr. Levent Uysal, issued a written statement in celebration of the 19 May Commemoration of Atat\u00fcrk, Youth, and Sports Day. In his statement, MP Uysal shared the following: \u201cOn 19 May 1919, with the thought of \u2018Independence or Death,\u2019 a sacred struggle for the peace and tranquility of our country&hellip;<\/p>\n","protected":false},"author":3,"featured_media":4163,"comment_status":"closed","ping_status":"closed","template":"","cpt_services_group":[83],"class_list":["post-4342","cpt_services","type-cpt_services","status-publish","has-post-thumbnail","hentry","cpt_services_group-press"],"_links":{"self":[{"href":"https:\/\/www.leventuysal.com\/en\/wp-json\/wp\/v2\/cpt_services\/4342","targetHints":{"allow":["GET"]}}],"collection":[{"href":"https:\/\/www.leventuysal.com\/en\/wp-json\/wp\/v2\/cpt_services"}],"about":[{"href":"https:\/\/www.leventuysal.com\/en\/wp-json\/wp\/v2\/types\/cpt_services"}],"author":[{"embeddable":true,"href":"https:\/\/www.leventuysal.com\/en\/wp-json\/wp\/v2\/users\/3"}],"replies":[{"embeddable":true,"href":"https:\/\/www.leventuysal.com\/en\/wp-json\/wp\/v2\/comments?post=4342"}],"version-history":[{"count":3,"href":"https:\/\/www.leventuysal.com\/en\/wp-json\/wp\/v2\/cpt_services\/4342\/revisions"}],"predecessor-version":[{"id":4355,"href":"https:\/\/www.leventuysal.com\/en\/wp-json\/wp\/v2\/cpt_services\/4342\/revisions\/4355"}],"wp:featuredmedia":[{"embeddable":true,"href":"https:\/\/www.leventuysal.com\/en\/wp-json\/wp\/v2\/media\/4163"}],"wp:attachment":[{"href":"https:\/\/www.leventuysal.com\/en\/wp-json\/wp\/v2\/media?parent=4342"}],"wp:term":[{"taxonomy":"cpt_services_group","embeddable":true,"href":"https:\/\/www.leventuysal.com\/en\/wp-json\/wp\/v2\/cpt_services_group?post=4342"}],"curies":[{"name":"wp","href":"https:\/\/api.w.org\/{rel}","templated":true}]}}

MHP Mersin MP Dr. Levent Uysal’s 19 Mayıs Celebration Message

<p>Nationalist Movement Party Mersin MP, Dr. Levent Uysal, issued a written statement in celebration of the 19 May Commemoration of Atatürk, Youth, and Sports Day.</p>
<p>In his statement, MP Uysal shared the following:</p>
<p>“On 19 May 1919, with the thought of ‘Independence or Death,’ a sacred struggle for the peace and tranquility of our country began in Samsun and ended in victory. After this holy process, which is considered the beginning of the War of Independence, the Republic of Türkiye was founded. Moreover, 19 May 1919 is the day that Mustafa Kemal Atatürk, who identified himself with the Republic of Türkiye, referred to as ‘the day I was born.’ Gazi Mustafa Kemal Atatürk, with his comrades-in-arms, established our Republic through the faith and patriotism of our noble nation and entrusted it to our youth, emphasizing that it would live on forever. Atatürk expressed his trust in the youth with his words, ‘A clean generation is being raised from the heart of the nation. I will leave this legacy, the Republic of Türkiye, to them and will have no regrets.’ In the Turkish and Türkiye century we are currently in, we prioritize the ideas of our youth and strive to guide them in choosing the right path in shaping their lives. In the second century of our Republic, we will continue to listen to our youth, who are the guarantee of our bright future, and work with them on joint projects. 19 May symbolizes youth, and youth represents the future. The Turkish youth is the unwavering guardian of Turkish independence and the Republic of Türkiye, the assurance of today and tomorrow. I congratulate the Turkish youth, who are entrusted with the duty of protecting Turkish independence and the Turkish Republic in the light of national values, on the occasion of 19 May Commemoration of Atatürk, Youth, and Sports Day.”</p>

<p>Nationalist Movement Party Mersin MP, Dr. Levent Uysal, issued a written statement in celebration of the 19 May Commemoration of Atatürk, Youth, and Sports Day. In his statement, MP Uysal shared the following: “On 19 May 1919, with the thought of ‘Independence or Death,’ a sacred struggle for the peace and tranquility of our country&hellip;</p>
