{"id":3900,"date":"2024-10-14T09:47:56","date_gmt":"2024-10-14T06:47:56","guid":{"rendered":"https:\/\/segnetdemo.com\/demo57\/?post_type=cpt_services&#038;p=3900"},"modified":"2024-10-14T14:11:34","modified_gmt":"2024-10-14T11:11:34","slug":"mhp-mersin-milletvekili-adayi-dr-levent-uysal-huzurlukent-esnaflarini-ziyaret-etti","status":"publish","type":"cpt_services","link":"https:\/\/www.leventuysal.com\/en\/services\/mhp-mersin-milletvekili-adayi-dr-levent-uysal-huzurlukent-esnaflarini-ziyaret-etti\/","title":{"rendered":"MHP Mersin Milletvekili aday\u0131 Dr. Levent UYSAL Huzurlukent esnaflar\u0131n\u0131 ziyaret etti."},"content":{"rendered":"<p>Uysal, Akdeniz \u0130l\u00e7e Ba\u015fkan\u0131 Mehmet G\u00fcver\u00e7ile ve Mersin Milletvekili Baki \u015eim\u015fek, Mersin \u00dclk\u00fc Ocaklar\u0131 Ba\u015fkan\u0131 Yavuz Akg\u00fcl ile birlikte Huzurkent\u2019li esnaflar\u0131n\u0131 ziyaret etti.<\/p>\n","protected":false},"excerpt":{"rendered":"<p>Uysal, Akdeniz \u0130l\u00e7e Ba\u015fkan\u0131 Mehmet G\u00fcver\u00e7ile ve Mersin Milletvekili Baki \u015eim\u015fek, Mersin \u00dclk\u00fc Ocaklar\u0131 Ba\u015fkan\u0131 Yavuz Akg\u00fcl ile birlikte Huzurkent\u2019li esnaflar\u0131n\u0131 ziyaret etti.<\/p>\n","protected":false},"author":3,"featured_media":3763,"comment_status":"closed","ping_status":"closed","template":"","cpt_services_group":[67],"class_list":["post-3900","cpt_services","type-cpt_services","status-publish","has-post-thumbnail","hentry","cpt_services_group-haberler"],"_links":{"self":[{"href":"https:\/\/www.leventuysal.com\/en\/wp-json\/wp\/v2\/cpt_services\/3900","targetHints":{"allow":["GET"]}}],"collection":[{"href":"https:\/\/www.leventuysal.com\/en\/wp-json\/wp\/v2\/cpt_services"}],"about":[{"href":"https:\/\/www.leventuysal.com\/en\/wp-json\/wp\/v2\/types\/cpt_services"}],"author":[{"embeddable":true,"href":"https:\/\/www.leventuysal.com\/en\/wp-json\/wp\/v2\/users\/3"}],"replies":[{"embeddable":true,"href":"https:\/\/www.leventuysal.com\/en\/wp-json\/wp\/v2\/comments?post=3900"}],"version-history":[{"count":1,"href":"https:\/\/www.leventuysal.com\/en\/wp-json\/wp\/v2\/cpt_services\/3900\/revisions"}],"predecessor-version":[{"id":3901,"href":"https:\/\/www.leventuysal.com\/en\/wp-json\/wp\/v2\/cpt_services\/3900\/revisions\/3901"}],"wp:featuredmedia":[{"embeddable":true,"href":"https:\/\/www.leventuysal.com\/en\/wp-json\/wp\/v2\/media\/3763"}],"wp:attachment":[{"href":"https:\/\/www.leventuysal.com\/en\/wp-json\/wp\/v2\/media?parent=3900"}],"wp:term":[{"taxonomy":"cpt_services_group","embeddable":true,"href":"https:\/\/www.leventuysal.com\/en\/wp-json\/wp\/v2\/cpt_services_group?post=3900"}],"curies":[{"name":"wp","href":"https:\/\/api.w.org\/{rel}","templated":true}]}}

MHP Mersin Milletvekili adayı Dr. Levent UYSAL Huzurlukent esnaflarını ziyaret etti.

<p>Uysal, Akdeniz İlçe Başkanı Mehmet Güverçile ve Mersin Milletvekili Baki Şimşek, Mersin Ülkü Ocakları Başkanı Yavuz Akgül ile birlikte Huzurkent’li esnaflarını ziyaret etti.</p>
