{"id":3891,"date":"2024-10-14T09:51:00","date_gmt":"2024-10-14T06:51:00","guid":{"rendered":"https:\/\/segnetdemo.com\/demo57\/?post_type=cpt_services&#038;p=3891"},"modified":"2024-10-14T14:08:49","modified_gmt":"2024-10-14T11:08:49","slug":"mhp-mersin-milletvekili-adayi-dr-levent-uysal-aydincili-hemsehrilerini-ziyaret-etti","status":"publish","type":"cpt_services","link":"https:\/\/www.leventuysal.com\/en\/services\/mhp-mersin-milletvekili-adayi-dr-levent-uysal-aydincili-hemsehrilerini-ziyaret-etti\/","title":{"rendered":"MHP Mersin Milletvekili aday\u0131 Dr. Levent UYSAL Ayd\u0131nc\u0131\u2019l\u0131 hem\u015fehrilerini ziyaret etti."},"content":{"rendered":"<p>Uysal, Ayd\u0131nc\u0131k \u0130l\u00e7e Ba\u015fkan\u0131m\u0131z Say\u0131n Hac\u0131 Salan ile birlikte Ayd\u0131nc\u0131k\u2019l\u0131 hem\u015fehrilerilerini dinledi, onlara projelerimizi anlatt\u0131.<\/p>\n","protected":false},"excerpt":{"rendered":"<p>Uysal, Ayd\u0131nc\u0131k \u0130l\u00e7e Ba\u015fkan\u0131m\u0131z Say\u0131n Hac\u0131 Salan ile birlikte Ayd\u0131nc\u0131k\u2019l\u0131 hem\u015fehrilerilerini dinledi, onlara projelerimizi anlatt\u0131.<\/p>\n","protected":false},"author":3,"featured_media":3761,"comment_status":"closed","ping_status":"closed","template":"","cpt_services_group":[67],"class_list":["post-3891","cpt_services","type-cpt_services","status-publish","has-post-thumbnail","hentry","cpt_services_group-haberler"],"_links":{"self":[{"href":"https:\/\/www.leventuysal.com\/en\/wp-json\/wp\/v2\/cpt_services\/3891","targetHints":{"allow":["GET"]}}],"collection":[{"href":"https:\/\/www.leventuysal.com\/en\/wp-json\/wp\/v2\/cpt_services"}],"about":[{"href":"https:\/\/www.leventuysal.com\/en\/wp-json\/wp\/v2\/types\/cpt_services"}],"author":[{"embeddable":true,"href":"https:\/\/www.leventuysal.com\/en\/wp-json\/wp\/v2\/users\/3"}],"replies":[{"embeddable":true,"href":"https:\/\/www.leventuysal.com\/en\/wp-json\/wp\/v2\/comments?post=3891"}],"version-history":[{"count":1,"href":"https:\/\/www.leventuysal.com\/en\/wp-json\/wp\/v2\/cpt_services\/3891\/revisions"}],"predecessor-version":[{"id":3892,"href":"https:\/\/www.leventuysal.com\/en\/wp-json\/wp\/v2\/cpt_services\/3891\/revisions\/3892"}],"wp:featuredmedia":[{"embeddable":true,"href":"https:\/\/www.leventuysal.com\/en\/wp-json\/wp\/v2\/media\/3761"}],"wp:attachment":[{"href":"https:\/\/www.leventuysal.com\/en\/wp-json\/wp\/v2\/media?parent=3891"}],"wp:term":[{"taxonomy":"cpt_services_group","embeddable":true,"href":"https:\/\/www.leventuysal.com\/en\/wp-json\/wp\/v2\/cpt_services_group?post=3891"}],"curies":[{"name":"wp","href":"https:\/\/api.w.org\/{rel}","templated":true}]}}

MHP Mersin Milletvekili adayı Dr. Levent UYSAL Aydıncı’lı hemşehrilerini ziyaret etti.

<p>Uysal, Aydıncık İlçe Başkanımız Sayın Hacı Salan ile birlikte Aydıncık’lı hemşehrilerilerini dinledi, onlara projelerimizi anlattı.</p>
